
1
Let w(f) = -f**2 + 20*f - 37. Let s be w(17). Let q be (1/(-2) + (2 - 1))*s. Let l(m) = m - 2. Give l(q).
5
Let n(v) be the second derivative of v**5/20 - 10*v**3/3 - 17*v**2/2 - 11732*v. Give n(5).
8
Let d = 2 + -7. Let o(n) = 12*n + 42. Let y(z) = -33*z + 23. Let j(x) = -9*x + 8. Let l(c) = -7*j(c) + 2*y(c). Let h(k) = d*o(k) - 21*l(k). Determine h(1).
3
Let n(t) = -t**3 - 10*t**2 + 12*t + 15. Suppose 5*b = 2*i - 15, -4*b = 29*i - 34*i + 12. Suppose -5*f = 4*v + 44, i = 3*v - 5*v + f - 22. What is n(v)?
4
Suppose 0 = -5*u - 4*l - 50, 0 = 2*u + 4*l + 6 + 26. Let p be (4/u)/((-12)/36). Suppose 0 = 4*z + 2*b + 34, -z - p*b = -2*z - 1. Let k(g) = g + 2. What is k(z)?
-5
Let f(p) = p**2 - 43*p - 141. Let q be f(46). Let d(a) = -690*a - 4 + 689*a + 0 - a**2. Determine d(q).
-10
Let m(h) = -36*h - 421. Let t(o) = 88*o + 840. Let x(n) = -5*m(n) - 3*t(n). Calculate x(-5).
5
Let q(a) be the second derivative of 3*a**5/20 + 11*a**4/6 + a**3 + a**2/2 - 2*a + 2498. What is q(-7)?
8
Let c be ((-28)/6)/((-6)/18). Let y = c - 12. Suppose 8*m = -y - 14. Let p(j) = j**2 + 4*j + 3. Give p(m).
-1
Suppose 0 = -4*l + 3*b + 35 - 5, -4*b = 3*l - 10. Suppose 7*f = l*f + 32. Let h(a) = -26*a**2 - 6 - f*a**2 + 57*a**2. Calculate h(0).
-6
Let n(v) = -v**2 - v + 2. Let g be -18 - (-1)/(-3)*0/(-2). Let u(y) = -2*y**3 - 35*y**2 + 16*y - 32. Let z be u(g). Calculate n(z).
-18
Let y = -10091 - -10077. Let p(l) = -3*l + 10. Give p(y).
52
Let q(w) = -2*w**2 - 6*w - 2. Let j be (225/(-21) - -11)/((-1)/21). Determine q(j).
-38
Let l(k) = k**3 + 33*k**2 - 32*k + 75. Suppose 0 = 28*p - 126*p - 3332. Determine l(p).
7
Let x(y) be the second derivative of y**5/20 - y**4/6 + 5*y**3/6 - 3*y**2/2 + 1190*y. Give x(3).
21
Let d(y) = 28*y**2 + 3 - 13*y**2 - 4*y**2 - 12*y**2 - 18 - 6*y. Determine d(-3).
-6
Let i(z) = -z**2 + 8*z - 9. Suppose -3*r = 2*a - r - 4, 31 = 3*a - 2*r. Let n = -12 + 26. Suppose -a*l = -28 - n. Give i(l).
3
Suppose 2*y + 10 = 12. Let j(b) = 2*b**2 - y - 61*b + 0*b**3 + 0 + 63*b - 2*b**3. Give j(-2).
19
Let w(u) be the third derivative of -u**5/60 - 5*u**4/8 - 31*u**3/6 + 1449*u**2. Calculate w(-13).
-5
Let t = 164 + -88. Let i = -64 + t. Let x(q) = 5*q - 8*q**2 + 6*q - i*q. Calculate x(1).
-9
Let m(k) = -k**3 + 23*k**2 - 19*k - 48. Let p be m(22). Let r be (1 + -13)/((-36)/p). Suppose 2*s + r*s - 16 = 0. Let i(q) = 8*q - 3. Determine i(s).
13
Let s(g) = 1642*g + 2 + 2*g**2 + 1648*g + 6 - 3307*g + 3. What is s(7)?
-10
Let r(c) = -3*c - 23. Let b = 240 + -238. Suppose 285 = -b*v + 265. Give r(v).
7
Let d(o) = -o**2 + 18*o - 27. Let p be d(16). Let x(s) = 18*s - 86. Determine x(p).
4
Suppose 2*f + 2*f - 32 = -3*l, f - 5 = 0. Suppose 3*k - k = l. Let p(h) = 1 + 2*h - 29*h**2 - h**3 - 11 + 38*h**k. What is p(9)?
8
Let u = -174 - -181. Suppose 3*w - 2*m = -2, -5*w - u = m + 5. Let f(s) = 0*s + 3*s + 3*s**2 + 0*s + 1. Determine f(w).
7
Let j = 15 - 11. Suppose 1 = i + 4*s + 6, j*i - 2*s + 2 = 0. Let o(m) = -2*m**3 - 2*m - 1. Let y(k) = -3*k**3 - 5*k - 3. Let z(h) = 5*o(h) - 2*y(h). Give z(i).
5
Let c(f) be the first derivative of 3*f**2/2 + 148*f - 7391. Give c(-50).
-2
Let b(g) = -70 - 1319*g + 2627*g - 1333*g. Give b(-3).
5
Let n = -553 + 553. Suppose 66*h - 39*h = n. Let r(v) = v - 14. Give r(h).
-14
Suppose -304 = -x - 3*x. Let j = -889 - -808. Let v = j + x. Let i(s) = s**3 + 6*s**2 + 7*s + 2. Determine i(v).
-8
Let o(n) be the first derivative of n**3/3 - n**2/2 - 107*n + 3324. Calculate o(0).
-107
Let t(s) be the second derivative of -s**7/840 - s**6/60 + s**5/40 - s**4/4 - 9*s**3 + 87*s. Let k(a) be the second derivative of t(a). Give k(-7).
22
Let i(g) = g**2 + 9*g + 24. Suppose -32 = 2*b + 4*a, b + a - 25 = 6*b. Give i(b).
6
Let n(l) = 20*l - 4. Suppose -144*s = -141*s + 3*f + 15, 0 = s - 4*f - 25. Calculate n(s).
16
Let d be 19/57 + -1 + (-22)/3. Let f(j) be the second derivative of -1/6*j**3 + 0 - 2*j - 4*j**2. Determine f(d).
0
Let r(c) = -c**3 - 8*c**2 + 2. Let m(g) = -7*g - 2. Let y be m(8). Let d = y - -62. Suppose -12 = 2*t + 2*f, 3*t = -f + d*f - 30. Determine r(t).
2
Let j(l) = -l + 6. Let u = 48 - -162. Let r be (-1974)/u - (-16)/(-10). Determine j(r).
17
Let p = -1563 - -1571. Let h(b) = 15*b + 4. Let d(n) = 13*n + 5. Let t(w) = -7*d(w) + 6*h(w). Calculate t(p).
-19
Let z = -31 + 48. Let b = z - -5. Let r = -15 + b. Let j(m) = m - 4. Calculate j(r).
3
Let h be 2/(-4)*((-72)/(-4))/3. Let m(v) be the first derivative of 5 + v - 1/2*v**2. What is m(h)?
4
Let t(z) = z**2 + 12*z + 26. Suppose 6 - 66 = 6*y. Let r be t(y). Let v(d) = -d**3 + 6*d**2 - 2*d + 2. Determine v(r).
-10
Let t(l) = 5*l**3 + 53*l**2 - 163*l - 572. Let m(i) = -2*i**3 - 17*i**2 + 57*i + 191. Let k(b) = 8*m(b) + 3*t(b). Give k(21).
1
Let c(w) = -3*w - 25 + 12*w - 3*w - 2*w + 0*w. Determine c(5).
-5
Let k(g) = g**3 - 9*g**2 + 8*g + 3. Let p be k(8). Let b(s) = p*s - s - s - 3. Suppose -1645*z + 1764*z - 476 = 0. What is b(z)?
1
Let z(j) = 19*j**2 + 37*j - 162. Let h(b) = 4*b**2 + 8*b - 32. Let w(f) = 14*h(f) - 3*z(f). Determine w(7).
-4
Suppose 2*d + 5*a + 131 = 0, -a + 113 = -2*d - 0*a. Let f = 62 + d. Let u(b) = 616*b - f - 613*b + b**2 + 0. Give u(-4).
0
Suppose 2*o = 8, 5*o - 52 = 4*w - 20. Let n be 70/15 + (20/w)/(-5). Let y(v) = v**2 - 7*v + 2. What is y(n)?
-4
Let i(o) = -7*o + 8 - 5*o**3 - 8*o**2 + o - 3*o. Let b(z) be the third derivative of z**6/120 + z**4/24 + 1391*z**2. Let q(x) = 4*b(x) + i(x). Calculate q(-7).
-6
Let k(i) = 9*i**2 - 45*i - 103. Let c(n) = -8*n**2 + 43*n + 85. Let x(u) = 6*c(u) + 5*k(u). Determine x(11).
-5
Let c(j) = j**2 + 3*j - 20. Suppose 12*o + 2439 - 2979 = 66*o. Calculate c(o).
50
Suppose m + 684*k - 687*k - 22 = 0, 0 = 3*m + 5*k + 4. Let f(u) = -u**3 + 8*u**2 + 7*u - 2. Give f(m).
96
Suppose -4*f - 5*g + 23 + 14 = 0, 2*f = g + 15. Suppose -13*i + 15*i = 2*y + 10, 2*i - 5*y = 19. Let u(b) = -2 - 14*b - 7 + 5 + 1 + b**i + 4*b. What is u(f)?
-19
Let n(f) = f**3 - f**2 - 17*f + 1. Let g(q) = -q**3 + 2*q**2 + 13*q - 1. Let y(h) = -5*g(h) - 4*n(h). Determine y(5).
-9
Let h be 1496/(-561) + 2/(-6). Let y(i) = i**3 + 2*i**2 - 4*i + 5. Determine y(h).
8
Let s(h) = 31*h**2 - 7*h + 0*h**2 + h**3 - 12*h**2 + 1 - 7*h**2 - 8*h**2. Give s(-6).
-29
Suppose -8 = -12*w + 16. Suppose -d + 1 = -w*k, 3*d + 20 = -k + 2. Let s(p) = p**3 + 2 + 2*p**2 - 2*p**2 + 3*p**2 - 121*p + 120*p. Determine s(k).
5
Let v(x) be the second derivative of x**5/20 + 5*x**4/12 - 3*x**3/2 - 4*x**2 - 9316*x. Let r = -11 + 5. Calculate v(r).
10
Let n(y) = y**3 + y**2 + 1. Let m(w) = -5*w**3 - 10*w**2 + 6*w - 7. Let t = -27 - -28. Let f(d) = t*m(d) + 4*n(d). Suppose 8*l + 238 = 182. Determine f(l).
4
Suppose -3*y = -0*y + n + 16, -3*y - 26 = -n. Let r(p) = -134*p + 672. Let b be r(5). Let t(x) = -414*x - 4*x**b + 5*x**2 + 3 + 423*x. What is t(y)?
-11
Let j = -28881 + 28882. Let k(m) = 10*m**3 - m**2 + 9*m - 8. Determine k(j).
10
Suppose 10*f = 35 + 5. Let d be 4 - (-5 + 4 + f). Let p(s) = -6*s**2 + s. Give p(d).
-5
Let p(f) = 15 - 1037*f**2 + 522*f**2 - 20*f + 517*f**2. Calculate p(9).
-3
Let j(h) = 9*h + 41. Let r be j(-5). Let b(w) = w**2 + 4*w + 3. Let g be b(r). Let y(q) = -106*q - 4 + 109*q + g. Calculate y(5).
14
Let d(o) = 13*o - 1. Let n(h) = -2*h**2 + 32*h. Let u(x) = -2*d(x) + n(x). Determine u(-4).
-54
Let p(o) = -2*o - 26 + 2*o - 2*o. Suppose -q = -365 + 372, -3*u + 3*q - 30 = 0. Let j be p(u). Let i(d) = d**3 - 8*d**2 + 2*d - 11. Give i(j).
5
Let a(f) be the second derivative of 5*f**3/6 - 47*f**2/2 - 35*f + 22. What is a(8)?
-7
Let t(m) be the first derivative of 2*m + 13 + 3/2*m**2. Let d be (-22)/33 - 8/6. Calculate t(d).
-4
Let u(l) be the first derivative of -2*l**3/3 + l**2 + 8*l - 2377. Let r(b) = b**3 + 4*b**2 - 2*b - 4. Let d be r(-4). Calculate u(d).
-16
Suppose -8*x - 36 = -2*x. Let m = 200 + -185. Let p(b) = -9*b + 13 - m*b + 25*b. Calculate p(x).
7
Suppose -3*c - 2472 = 52*c + 151*c. Let g(a) be the first derivative of a**2 + 27*a - 1. Determine g(c).
3
Let t = -708 - -382. Let f = t + 334. Let y(w) = -w**3 + 7*w**2 + 10*w - 12. Calculate y(f).
4
Let i(f) = 2*f**2 - 11*f + 4. Let q(y) = -2*y**2 - 20*y - 12. Let b be q(-9). Let c(r) = -3*r + 26. Let d be c(b). Calculate i(d).
44
Let p(m) = m**3 + 8*m**2 - m + 1. Let h(j) = -8*j - 228. Let x be h(-31). Suppose 72 = 